- 2*w(x). Give a(d).
-6
Let r(b) = -126*b**3 + 7*b**2 - 26*b + 12. Let y(q) = -63*q**3 + 3*q**2 - 11*q + 5. Let l(t) = 3*r(t) - 7*y(t). Give l(1).
63
Let x(t) be the first derivative of 21*t**2/2 + 3*t - 2097. Give x(1).
24
Let c(p) = p**2 + 7*p + 5. Let w be (-56)/420 - (21/105)/((-3)/(-193)). Give c(w).
83
Let l be -2*((-3 - 1) + 3). Let v(h) = 159*h**2 + h**3 - 1 - 78*h**2 - 6*h**3 - 80*h**l. Determine v(-1).
5
Let o(n) = 2 + 2*n - 3 - 1 - 3. Let h be o(4). Let w(m) = 4 + 194*m - 199*m - 47*m**2 + 48*m**2. Determine w(h).
-2
Let u(p) = -19*p + 2. Let v = -16 - -14. Let a(w) = 6*w - 1. Let t(z) = v*u(z) - 7*a(z). Let k be (-3)/(-12)*(5 - -7). Determine t(k).
-9
Let z(o) = -54. Let a(t) = -2*t - 489. Let w(l) = -a(l) + 9*z(l). Determine w(-24).
-45
Let y = -144/179 - -1148/537. Let h(i) be the first derivative of 3/2*i**2 + y*i**3 - 1/4*i**4 - 35 - 6*i. What is h(4)?
6
Let f be (-4)/6 - 1/3. Suppose 2*j = -4*n + 42, 9 + 18 = j + 4*n. Let z(l) = 3 + 0 + 6*l - j*l - 2. What is z(f)?
10
Let i(q) = q + 2. Let n be i(-2). Suppose n*r - 2*a - 8 = -2*r, -5*r + 3*a + 24 = 0. Let f be 1 + (-3)/(r/(-4)). Let v(w) = -2*w + 3. Calculate v(f).
-3
Suppose -l + 96 - 106 = -2*n, 2*n + 2*l = 16. Let f(z) be the third derivative of -z**5/60 + 5*z**4/24 + z**3/2 + 4*z**2. What is f(n)?
-3
Let m(q) = -10*q**2 - 38*q - 16. Let p be m(-3). Let i(z) = -z**3 + 16*z**2 - 62*z - 13. Give i(p).
3
Suppose -1758 + 1308 = 90*u. Let i(p) = -101*p - 514. Calculate i(u).
-9
Let i(h) = 12*h**2 - 1. Let r(w) = w**2 + 25*w + 45. Suppose 5*b = 114 - 229. Let m be r(b). Calculate i(m).
11
Let s(x) = -21 - 50 + x**3 - 7 + 2*x - 30*x**2 + 11. Let b be s(30). Let u(p) = p + 10. Give u(b).
3
Suppose j + 2*b = -37 + 32, 5*j + 14 = b. Let g(l) = -8*l + 8. Give g(j).
32
Let b(w) = 16 - 8*w - 8 + w**2 + w. Let z(r) be the third derivative of -r**4/24 + 9*r**3/2 - 9*r**2. Let a be z(21). Give b(a).
2
Let t(v) = -2*v**2 - 4*v + 2. Let l be 6*4*(-37)/(-74). Let q be ((-32)/l)/((-2)/3). Give t(q).
-46
Let s(w) be the first derivative of -w**4/4 + 13*w**3/3 - 2*w**2 + 14*w + 569. Give s(13).
-38
Let s be (-28)/(-12) + 3/(-9). Let x(u) = -u**3 + 5*u**s - 111*u + 233*u - 119*u - 7. Give x(5).
8
Let d = -211 - -215. Let g(q) = -q**2 + 16*q + 6 + 3 + d - 15*q. Give g(0).
13
Let s(h) = -6*h - 10. Let r be s(-2). Let x(t) = t + 6. Let y(a) = 2*a + 13. Let n(j) = r*y(j) - 5*x(j). Calculate n(-6).
2
Suppose 7*y - 28 = -0. Let f(h) = -61*h**2 + 3 - 9 + y*h + 62*h**2. Calculate f(-6).
6
Let l(g) = 62*g**2 - 34*g + 26. Let w(k) = 25*k**2 - 15*k + 12. Let x(a) = 2*l(a) - 5*w(a). Suppose 58 - 21 = 2*m + 5*h, -5*m - 4*h = -50. Determine x(m).
-2
Let d(y) be the second derivative of 2*y**3 - 6*y**2 - 44*y - 7. Determine d(3).
24
Let o = -510 - -731. Let f = o - 224. Let b(d) = -d + 3. What is b(f)?
6
Let g(x) be the first derivative of x**3/3 + 41*x**2/2 + 90*x - 10051. Calculate g(-39).
12
Let y(o) = 4*o**3 + o. Let n be y(1). Let z(p) be the second derivative of -p**5/20 + 5*p**4/12 - p**3/6 + 5*p**2 + 37415*p. Calculate z(n).
5
Let d(n) = -16*n + 1. Let g(q) = 77*q + 21. Let b(c) = -4*d(c) - g(c). What is b(-2)?
1
Let z = -11632 - -11628. Let p(r) = -18*r - 32. What is p(z)?
40
Let u(x) = -7*x - 63*x**2 - 73*x**2 - 63*x**2 + 198*x**2. Determine u(-6).
6
Let y(v) be the second derivative of 0*v**2 - 34*v + 0*v**3 + 1/180*v**6 + 1/40*v**5 - 13/6*v**4 + 0. Let p(g) be the third derivative of y(g). Calculate p(-4).
-13
Let j = 16308 - 16287. Let a(g) = -g**3 + 18*g**2 + 62*g + 26. Calculate a(j).
5
Suppose -10*z + 4 = -8*z. Let j be (-4)/14 + ((-6250)/(-35))/z. Let u = -92 + j. Let k(g) = 3*g + 4. Determine k(u).
-5
Suppose 57 - 64 = 7*z. Let u(i) be the second derivative of -2*i**4/3 - i. Calculate u(z).
-8
Let v(c) be the first derivative of 0*c**2 + 4/3*c**3 + 1/4*c**4 + 3*c - 15. Let y be (-19 + 22)/((-9)/4)*3. Give v(y).
3
Let z(g) = -g**2 + 8*g + 1. Let p(f) = -2*f + 1. Let a(j) = -p(j) + z(j). Let t be (-9 - -3)/((-12)/18). Determine a(t).
9
Let y = -2001 - -2004. Let c(d) = d**2 + d - 11. Give c(y).
1
Let v(a) = 3*a**3 - 5*a**3 + 13*a + 6 - a + 22*a**2 + 4*a + a**3. Give v(23).
-155
Let a(z) = -z**2 - 14*z - 20. Let f be a(-12). Suppose 17*h = f*h + 52. Let w(d) = d**3 - 3*d**2 - 5*d + 4. Give w(h).
0
Let t(v) = 2*v**2 + 5*v + 7. Let l(f) = 10*f**2 + 404*f + 163. Let c be l(-40). Give t(c).
40
Let z(q) = -q**3 + 31*q**2 - 6*q + 38. Let f(t) = t**3 - 28*t**2 + 5*t - 39. Let y(m) = 4*f(m) + 3*z(m). Determine y(19).
-4
Let s(v) be the third derivative of 1/24*v**4 + 2*v**2 - 1/15*v**5 + 0*v**3 + 3 + 0*v. Calculate s(-1).
-5
Let r(x) be the third derivative of x**6/120 + 7*x**5/60 - x**4/8 - x**3 + x**2. Let g = -201886 + 201879. Give r(g).
15
Let x(i) be the second derivative of i**5/20 + 11*i**4/6 + 20*i**3/3 - 5*i**2/2 + 5*i + 141. Determine x(-20).
-5
Let c(q) = -q**2 - 8*q - 3. Let u be c(-7). Let r(p) = -p**3 + 8*p**2 - 10*p. Let k be r(u). Let z(s) = 35*s - 60*s + k*s + 11. Give z(0).
11
Let r(f) = 14*f + 53. Let d(x) = -545*x - 4910. Let h be d(-9). What is r(h)?
-17
Let w = 90 - 87. Suppose 5*h + o - 7 = 0, -4 = -2*h - w*h - 2*o. Let s(r) = -r**3 + 4*r**2 - 2*r + 1. Determine s(h).
5
Let a(y) = 33 - 3*y**3 + 4*y**3 + 33 + 4*y + 17*y - 24*y**2 - 23. Determine a(23).
-3
Suppose -16*k = 5*k - 462. Suppose 11*z + 11*z = -k. Let s(p) = -3*p**2 + 1. Calculate s(z).
-2
Let o(u) = -4*u**3 + 83*u**2 - 42*u + 2. Let f(l) = -l**3 + 15*l**2 - 8*l. Let k(t) = 11*f(t) - 2*o(t). Determine k(-2).
24
Let x be (-58)/8*-2*(-6)/(-3). Let b(y) = 31 - x - 4*y + 4*y + 3*y. Determine b(-2).
-4
Suppose c - 4 = 4*v - v, 0 = -2*v. Suppose 0 = c*z - 9*z + 30. Let a(m) = -m + 1. Let n(d) = d - 2. Let t(j) = -a(j) + n(j). Calculate t(z).
9
Let h(o) = 6 - 10 - 3*o + 6*o. Suppose 6*c - 3143 + 3167 = 0. Determine h(c).
-16
Let z(d) = d - 39. Suppose 22*p - 27*p + 160 = 0. Let j be z(p). Let y(v) = v**3 + 7*v**2 - v + 3. Calculate y(j).
10
Let c(q) = q**3 + q**2 - 2*q**3 + 1 + q - 3. Suppose -74*g = 92*g + 5*g. Give c(g).
-2
Let u(f) = -f**2 + f + 18. Let y = -5933 - -5938. Calculate u(y).
-2
Let y(b) = 9*b + 334. Let l(q) = -68*q - 2562. Let i(w) = -7*l(w) - 54*y(w). Give i(-9).
-12
Let h(x) = -x**3 + 17*x**2 + 18*x + 14. Suppose -21*b + 411 = 69 - 36. Determine h(b).
14
Let w(x) = 12*x**2 - 117*x - 23. Let f = -4154 - -4164. What is w(f)?
7
Let x = 532/3 + -177. Let k(h) be the second derivative of 30*h - 1/20*h**5 + 0*h**3 + 0 - 2*h**2 + x*h**4. Determine k(4).
-4
Let k(x) = -19*x**3 + 29*x**2 + 22*x + 545. Let o(f) = 8*f**3 - 14*f**2 - 11*f - 273. Let m(g) = -3*k(g) - 7*o(g). Calculate m(-12).
0
Let q(m) = 3*m - 1. Let y = -995 - -988. Let b be -12 - y - -19 - 9. Determine q(b).
14
Let n = -24 + 30. Suppose -14 = -4*j - n. Let x(l) be the first derivative of -2*l**3/3 - l**2 + l + 8. Determine x(j).
-11
Let c(k) = 6*k + 58. Let w be c(-11). Let j(z) = -2*z. What is j(w)?
16
Let f(o) = -13*o**3 + 2*o**2 - 1. Suppose p - 22 = -5*n - p, -5*p - 3 = -2*n. Suppose -3*q + 2*q + 6 = 0. Suppose 0 = n*v - 2 + q. Calculate f(v).
14
Let d(v) = -v - 26. Let j = -29873 + 29859. Calculate d(j).
-12
Suppose 0 = -s - s + 5*n + 23, -31 = -3*s + 4*n. Let v be (-15)/(-20)*(-3 + (s - 2)). Let q(r) = -r**2 + 3*r + 1. Give q(v).
1
Let x be -195 + 3*(-1)/3. Let s = -193 - x. Let l(b) = 2*b**2 - 8*b + 4 + 0*b**2 - b**2. Give l(s).
-11
Let f(g) be the first derivative of 3*g**4/4 + 2*g**3/3 - g**2 + 3. Let y(s) = s + 8. Let k be y(-10). What is f(k)?
-12
Let i(f) = f**3 - 5*f**2 + f - 15. Let o = -6687 + 6693. What is i(o)?
27
Suppose 5*o - 40 = 5*p, -3*p + 5*o - 54 = 7*o. Let t(z) = -z**2 - 12*z + 6. Calculate t(p).
-22
Let z(p) = -23*p + 537. Let b be z(22). Suppose -19 = -6*d - b. Let s(i) = -10*i - 8. Let q(l) = -21*l - 17. Let x(y) = -6*q(y) + 13*s(y). Determine x(d).
6
Let l(s) = -3*s**2 - 4*s + 1. Let g(x) = -x**2 - 3*x - 1. Let t(m) = -m**3 - 4*m**2 - 7*m - 7. Let d be t(-2). Let u(o) = d*l(o) + 4*g(o). Give u(-7).
2
Let a(o) be the first derivative of o**6/30 - o**4/6 - o**3/2 + o**2 - o - 42. Let s(w) be the second derivative of a(w). Give s(-2).
-27
Let a(z) = z**3 + 5*z**2 - 65*z - 268. Let g be a(-9). Let k(r) = -r**3 - 9*r**2 - 11*r - 6. What is k(g)?
-27
Suppose 3*w = i + 31, 0 = -4*i + w + 15336 - 15394. Let d(h) = 3*h**2 + 12*h 